s of 6183117?
3, 687013
What are the prime factors of 1288898?
2, 13, 89, 557
List the prime factors of 374940.
2, 3, 5, 2083
List the prime factors of 364065.
3, 5, 13, 1867
List the prime factors of 78844.
2, 23, 857
What are the prime factors of 2455983?
3, 272887
List the prime factors of 7756772.
2, 113, 131
List the prime factors of 699905.
5, 139981
What are the prime factors of 5682725?
5, 23, 9883
List the prime factors of 310378.
2, 311, 499
What are the prime factors of 19239060?
2, 3, 5, 43, 7457
What are the prime factors of 7714895?
5, 97, 15907
What are the prime factors of 2789608?
2, 239, 1459
What are the prime factors of 1082805?
3, 5, 37, 1951
What are the prime factors of 166655?
5, 33331
What are the prime factors of 6169516?
2, 41, 37619
List the prime factors of 875787.
3, 11, 26539
What are the prime factors of 2985381?
3, 7, 47387
List the prime factors of 273357.
3, 7, 4339
List the prime factors of 1272980.
2, 5, 63649
What are the prime factors of 4017382?
2, 2008691
List the prime factors of 8043651.
3, 7, 11, 53, 73
List the prime factors of 1437181.
59, 24359
What are the prime factors of 847695?
3, 5, 31, 1823
List the prime factors of 585555.
3, 5, 103, 379
What are the prime factors of 670658?
2, 97, 3457
List the prime factors of 93147.
3, 61, 509
List the prime factors of 5081026.
2, 2540513
List the prime factors of 13208748.
2, 3, 7, 157247
What are the prime factors of 306106?
2, 41, 3733
What are the prime factors of 1057674?
2, 3, 409, 431
What are the prime factors of 737032?
2, 181, 509
List the prime factors of 6844742.
2, 1597, 2143
What are the prime factors of 207674?
2, 103837
List the prime factors of 1542878.
2, 771439
List the prime factors of 1346074.
2, 19, 35423
List the prime factors of 1093805.
5, 218761
What are the prime factors of 1578811?
13, 121447
What are the prime factors of 1864078?
2, 932039
What are the prime factors of 249219?
3, 27691
What are the prime factors of 471957?
3, 61, 2579
List the prime factors of 409389.
3, 136463
List the prime factors of 1149693.
3, 17, 22543
List the prime factors of 278585.
5, 55717
List the prime factors of 4640085.
3, 5, 19, 67
List the prime factors of 472369.
472369
List the prime factors of 468481.
13, 36037
What are the prime factors of 774142?
2, 387071
List the prime factors of 175967.
11, 17, 941
What are the prime factors of 780665?
5, 43, 3631
List the prime factors of 3633593.
643, 5651
What are the prime factors of 1493060?
2, 5, 74653
List the prime factors of 873123.
3, 291041
What are the prime factors of 5001417?
3, 17, 97, 337
What are the prime factors of 194008?
2, 24251
What are the prime factors of 5793018?
2, 3, 7, 11, 12539
List the prime factors of 13388244.
2, 3, 659, 1693
List the prime factors of 1556947.
7, 97, 2293
List the prime factors of 4537429.
13, 41, 8513
What are the prime factors of 7499974?
2, 37, 43, 2357
List the prime factors of 714848.
2, 89, 251
List the prime factors of 271557.
3, 11, 13, 211
What are the prime factors of 448834?
2, 17, 43, 307
What are the prime factors of 5181288?
2, 3, 7, 30841
What are the prime factors of 1205396?
2, 301349
What are the prime factors of 93016?
2, 7, 11, 151
What are the prime factors of 93623?
251, 373
What are the prime factors of 2040608?
2, 43, 1483
List the prime factors of 109060.
2, 5, 7, 19, 41
List the prime factors of 3263986.
2, 11, 89, 1667
List the prime factors of 188365.
5, 101, 373
List the prime factors of 1625639.
193, 8423
What are the prime factors of 4879106?
2, 2439553
List the prime factors of 7739806.
2, 751, 5153
List the prime factors of 267006.
2, 3, 44501
List the prime factors of 12094983.
3, 1343887
List the prime factors of 253080.
2, 3, 5, 19, 37
What are the prime factors of 1702973?
881, 1933
What are the prime factors of 1686717?
3, 179, 349
What are the prime factors of 106234?
2, 53117
List the prime factors of 426606.
2, 3, 97, 733
What are the prime factors of 203817?
3, 67939
What are the prime factors of 424625?
5, 43, 79
What are the prime factors of 198063?
3, 59, 373
What are the prime factors of 234594?
2, 3, 13033
List the prime factors of 1476915.
3, 5, 11, 8951
What are the prime factors of 323056?
2, 61, 331
List the prime factors of 345093.
3, 7, 16433
List the prime factors of 841975.
5, 33679
What are the prime factors of 183625?
5, 13, 113
List the prime factors of 20053093.
43, 113, 4127
What are the prime factors of 12775695?
3, 5, 19, 23, 1949
List the prime factors of 7226842.
2, 7, 389, 1327
List the prime factors of 716243.
11, 19, 23, 149
What are the prime factors of 1092243?
3, 43, 8467
List the prime factors of 958709.
23, 73, 571
What are the prime factors of 2356820?
2, 5, 117841
List the prime factors of 311764.
2, 41, 1901
What are the prime factors of 2967350?
2, 5, 17, 3491
What are the prime factors of 2244960?
2, 3, 5, 1559
What are the prime factors of 176714?
2, 149, 593
List the prime factors of 238072.
2, 29759
What are the prime factors of 5075253?
3, 37, 15241
What are the prime factors of 83756?
2, 20939
What are the prime factors of 4555681?
13, 350437
List the prime factors of 2362717.
7, 29, 103, 113
List the prime factors of 205486.
2, 127, 809
What are the prime factors of 88451?
11, 17, 43
List the prime factors of 1307619.
3, 23, 6317
List the prime factors of 1832168.
2, 13, 79, 223
List the prime factors of 12031.
53, 227
List the prime factors of 204115.
5, 40823
What are the prime factors of 1014367?
53, 19139
What are the prime factors of 456375?
3, 5, 1217
What are the prime factors of 7820810?
2, 5, 61, 12821
List the prime factors of 61639.
53, 1163
List the prime factors of 7440832.
2, 7, 17, 977
List the prime factors of 9477992.
2, 1184749
List the prime factors of 128524.
2, 11, 23, 127
List the prime factors of 17565.
3, 5, 1171
List the prime factors of 551712.
2, 3, 7, 821
What are the prime factors of 104894?
2, 179, 293
What are the prime factors of 239373?
3, 26597
What are the prime factors of 4853914?
2, 13, 186689
List the prime factors of 16647459.
3, 53, 104701
List the prime factors of 7906434.
2, 3, 23, 47, 53
List the prime factors of 1779393.
3, 7, 11, 7703
List the prime factors of 21064.
2, 2633
List the prime factors of 1090347.
3, 71, 5119
What are the prime factors of 226440?
2, 3, 5, 17, 37
What are the prime factors of 387710?
2, 5, 137, 283
What are the prime factors of 232147?
269, 863
What are the prime factors of 883563?
3, 53, 5557
What are the prime factors of 4456138?
2, 109, 20441
What are the prime factors of 109727?
179, 613
List the prime factors of 7772650.
2, 5, 155453
What are the prime factors of 380279?
163, 2333
What are the prime factors of 245501?
245501
What are the prime factors of 755870?
2, 5, 131, 577
What are the prime factors of 104306?
2, 52153
List the prime factors of 273131.
273131
What are the prime factors of 444021?
3, 89, 1663
List the prime factors of 275608.
2, 47, 733
What are the prime factors of 371800?
2, 5, 11, 13
What are the prime factors of 235901?
235901
What are the prime factors of 134228?
2, 23, 1459
List the prime factors of 2722712.
2, 340339
What are the prime factors of 161402?
2, 80701
List the prime factors of 426607.
19, 22453
What are the prime factors of 10547?
53, 199
List the prime factors of 60109.
7, 31, 277
What are the prime factors of 12715129?
7, 79, 22993
List the prime factors of 32327.
32327
What are the prime factors of 10960645?
5, 2192129
What are the prime factors of 669324?
2, 3, 17, 193
What are the prime factors of 602150?
2, 5, 12043
What are the prime factors of 51167?
19, 2693
What are the prime factors of 6520656?
2, 3, 17, 61, 131
What are the prime factors of 1378687?
569, 2423
List the prime factors of 3697752.
2, 3, 154073
List the prime factors of 874090.
2, 5, 7, 12487
What are the prime factors of 1446036?
2, 3, 120503
What are the prime factors of 1090026?
2, 3, 7, 41, 211
List the prime factors of 3155562.
2, 3, 175309
What are the prime factors of 22398814?
2, 449, 24943
List the prime factors of 466315.
5, 93263
List the prime factors of 8386534.
2, 13, 322559
List the prime factors of 6082927.
101, 229, 263
List the prime factors of 13373969.
7, 19